erivative of -o**4/12 - 5*o**3/3 - 9*o**2/2 - 11*o. Determine p(-8).
7
Let z(p) = p - 15. Let s be 4 - (-5 - 12/(-3)). Suppose s*c - 72 = -17. Calculate z(c).
-4
Let x(j) = j**2 - 5*j + 5. Let o(c) = 51*c + 464. Let d be o(-9). Calculate x(d).
5
Suppose 0 = 2*s - 40. Suppose s = -0*q + 4*q. Let a(p) = -p - 6. Give a(q).
-11
Suppose -3*j - 5*a + 5 = -2, -2*j - 3*a = -6. Suppose -5*z = t - j, 3*t - 2 + 5 = 0. Let f(k) = k**2 - 2*k + 1. Calculate f(z).
1
Let y(k) = -k**3 - 3*k**2 + 4*k - 12. Let g be (5 - (-57)/(-19))*10/(-4). Determine y(g).
18
Suppose -3*p - 33 = -12. Let m(l) = l**2 + 7*l - 6. Give m(p).
-6
Suppose 4*q = -k + 3*k + 10, 3*k - 5*q = -11. Suppose -k*l + 21 = 3*t, 12 - 34 = -4*l + 2*t. Let c(r) = 3*r - 8. Give c(l).
10
Let v(y) = y - 5. Let d(j) be the third derivative of j**4/12 - j**3/2 - 2*j**2. Suppose 0 = 5*u - 25, 6*b - 2*b - 35 = -3*u. Let q be d(b). Give v(q).
2
Let p(x) = -x**2 - 6*x + 4. Suppose m - 3*m = 0. Suppose -6*c + 6 + 24 = m. Suppose -c*f = -3*f + 14. Calculate p(f).
-3
Suppose -4*u + 4*o = -32, 5*o + 29 + 5 = 3*u. Let v(s) = -5*s - 6. Let n(x) = -7*x - 8. Let z(m) = 2*n(m) - 3*v(m). Give z(u).
5
Let x be (-8)/(-8)*(0 + 2). Let b be x/(-2*(-1)/4). Let t(k) = k**2 - 4*k + 6. Give t(b).
6
Let v(a) = 9*a**3 - 2*a**2 - 2*a - 1. Let r(s) be the first derivative of 4*s**3/3 - 25*s**2/2 + 5*s - 33. Let t be r(6). Determine v(t).
-10
Let j(p) = 19*p + 5. Let x(b) = 71*b + 18. Let a(h) = -15*j(h) + 4*x(h). Let s(i) = -3*i**2 - 2*i + 2*i**2 + 0*i. Let v be s(-2). Determine a(v).
-3
Let n(s) be the third derivative of -s**4/8 - s**3/3 - 26*s**2. Suppose 0 = 3*b - 3*g - 3, b + 3*b - 3*g = 9. What is n(b)?
-20
Let x(o) = 3*o**2 + 16*o + 25. Let v be x(-4). Let p(n) = -2*n + 19. What is p(v)?
1
Let k(l) be the first derivative of -l**3/3 - 5*l**2/2 + 3*l + 2. Let a = -127 - -122. Determine k(a).
3
Suppose 0 = -m + 4*c + 8, -3*m + 6*m + 2*c = 10. Let p = m + 2. Let f be (p/((-4)/(-4)))/(-1). Let h(v) = -v**3 - 7*v**2 - 3*v + 2. Determine h(f).
-16
Let i be 86 - (-2 + (-4 - -6)). Let r = i - 78. Let k(g) = -2*g + 12. Give k(r).
-4
Let s = -10490 + 10484. Let k(o) = -2*o**2 - o**2 - 7*o - 4*o**2 - o**3 - 9. What is k(s)?
-3
Let c(t) be the first derivative of t**4/4 + t**3/3 + 4*t - 31. Give c(0).
4
Let i(h) = -h**2 + 8*h + 11*h + 8 - 14*h + 5*h. Give i(9).
17
Suppose -j + 1 = -1. Suppose -b = 3 + j. Let l(z) = -z**2 - 5*z - 6. What is l(b)?
-6
Let k(l) = -2*l - 4. Suppose -5*f = -8*f - 12. Let p(d) = 2*d + 3. Let z(t) = f*p(t) - 3*k(t). Give z(-5).
10
Let x(q) be the first derivative of -q**3/3 + 11*q**2/2 + 2*q + 235. Determine x(12).
-10
Let b(f) = -f**2 + 3*f + 7. Suppose 6*l - 15 = 3. Let g be -9*(-1 - l/(-9)). Calculate b(g).
-11
Let p = -27 + 43. Suppose 4*b = -32 + p. Let x(u) = -u**3 - 3*u**2 + 2*u - 5. Calculate x(b).
3
Suppose -c + b - 7 - 3 = 0, 3*c = -2*b - 10. Let f(r) be the third derivative of 5*r**4/24 + 13*r**3/3 - r**2. Let n be f(c). Let s(d) = -d + 3. What is s(n)?
7
Let g(s) = -3*s + s - 5*s - 30*s**2 + 29*s**2 - 1 - 2*s. Let a(w) = -w**2 + 1. Let v be a(-3). Give g(v).
7
Let i(g) be the first derivative of -g**4/4 - 14*g**3/3 - 6*g**2 - 12*g - 149. Give i(-13).
-25
Suppose 4*k = -3*c, -2*k = -0*k - 4*c. Suppose 5*s + 8 = -2*v - 1, -4*s + 2*v - 18 = k. Let g be -1*(1 - (s + 3)). Let j(l) = -3*l**2 - l. Determine j(g).
-2
Let u(q) = -10*q + 11. Let v(w) = -9*w + 10. Let p(h) = -5*u(h) + 6*v(h). Let t(g) = 3*g - 2*g**2 - 3*g + g**2 - 5*g. Let k be t(-4). Give p(k).
-11
Let l(n) = -4*n**2 + 5*n + 3. Let m(i) = -3*i**2 + 4*i + 3. Let j(k) = -2*l(k) + 3*m(k). Suppose 5*w + 22 + 3 = 5*g, -2*g + 14 = -4*w. Calculate j(w).
-5
Suppose -3*c + 79 = 82. Let g(s) = 20*s**3 - 1. What is g(c)?
-21
Let v = 4 - -2. Let w = 1621 + -1586. Let g(d) = 33 - w - 3*d + v*d. Give g(2).
4
Let u(c) = c**2 - 13*c + 29. Let q be u(9). Let m = 0 + 6. Let f(t) = 0*t**2 - 3*t**2 + t**2 - 7 + m*t + 3*t**2. Determine f(q).
0
Suppose j + 2 = 1, -4*f = -4*j + 852. Let n = f - -207. Let y(s) = -2*s**2 + s + s**2 - 2 - 8*s. Determine y(n).
-2
Let t(s) be the first derivative of -4*s**2 - s + 1. Suppose 2*b = 7*b + 10. Calculate t(b).
15
Let g(v) = v**2 + 23*v + 60. Suppose -638*c - 109 = 5*o - 635*c, o + 3*c + 29 = 0. Determine g(o).
0
Suppose -7*g = -7 + 21. Let z(t) be the third derivative of 0*t**4 - 1/6*t**3 - 5*t**2 + 0 - 1/60*t**5 + 0*t - 1/60*t**6. Calculate z(g).
11
Let s(u) = 14*u + 7. Let d(v) = v + 2. Let o(a) = -2*d(a) + s(a). Give o(-2).
-21
Let d(q) = -2 - 2 - 3*q - 2*q - 44*q**2 + 43*q**2. Let p be d(-4). Let x(v) = v - 6. Determine x(p).
-6
Let a(d) = -d**3 + 5*d**2 - 3*d + 1. Let f(h) = 4*h. Let t be f(4). Suppose t = k + 3*k. Give a(k).
5
Let w(c) be the second derivative of c**4/12 + c**3/3 - 3*c**2/2 + 3*c. Let k = -76 - -78. Suppose 4*a + 4*l + 4 = k*l, l - 4 = 0. Calculate w(a).
0
Let z = 11 - 9. Suppose 4*c - 1 = -3*q + z, -c + 5*q = 5. Let j(h) = 3*h + 2 + c*h + h + h**2 - h. Give j(-2).
0
Let q = 16 - 14. Let u(y) = 1 + 105*y - y**q - 50*y - 54*y. Calculate u(2).
-1
Suppose 36*c + 229 - 85 = 0. Let i(y) = -2*y**2 - 6*y + 4. What is i(c)?
-4
Let k(d) = 26*d**2 - 18*d - 18. Let p(z) = 21*z**2 - 17*z - 17. Let o(a) = 4*k(a) - 5*p(a). What is o(10)?
43
Let g(z) = z**2 + 8*z + 7. Let f be (-33)/44*-10*(-2)/3. Calculate g(f).
-8
Let q(v) = 4*v + 7*v**2 + v**3 - v**2 + 9 + 0*v**3 + 6*v**2. Let n(r) = -r**2 + r. Let h(b) = -5*n(b) - q(b). Let f be 3/((-9)/3) - 5. Determine h(f).
9
Let m = 1593/2 + -795. Let n(a) be the first derivative of 2 + m*a**2 - a. Give n(-3).
-10
Let w(y) be the first derivative of -y**2/2 - 8*y - 4. Let v be (5 - 1)*3/(2 + -5). Calculate w(v).
-4
Suppose 0 = -j + 4*t - t + 3, -2*t = 4*j + 2. Let n be (j/2 - -2)*2. Let k(d) = -d**3 + 4*d**2 - 2*d + 2. Calculate k(n).
-6
Let m(b) be the second derivative of b**5/20 - b**4/3 + 3*b**2/2 - 2*b. Suppose 4*d + 5*k + 10 = 26, 0 = 3*d - k - 12. What is m(d)?
3
Let k(f) = -f**2 + 1. Let w(z) = 11 - 4*z**2 + 2*z - 7 + z. Let v(i) = 3*k(i) - w(i). Determine v(3).
-1
Let b(c) be the third derivative of -c**4/8 + c**3/3 + 4*c**2. Let x(d) = 5 - 3*d + 5 + 5*d - 3*d. Let j be x(7). Determine b(j).
-7
Let u be (-10)/(-3 + 4/4). Let g(x) be the first derivative of x**3/3 - 3*x**2/2 - 4*x + 48. Calculate g(u).
6
Let d(t) = 2*t**2 + 5*t - 3. Suppose 2*u + 2*y - 8 = y, -4*y + 10 = -3*u. Suppose 5*f - 3*a + 29 = 0, -u*a = -f - 2 - 8. Calculate d(f).
9
Let b = -839 - -838. Let k(u) = -5 + 1 + 5 + 11*u. Determine k(b).
-10
Suppose 0 = 5*v + 3 + 87. Let k(h) = h**2 + 19*h + 18. Give k(v).
0
Suppose -7*p + 9 = -4*p. Let g(s) be the first derivative of 5 + s**2 + 1/3*s**p + 3*s. Determine g(-4).
11
Let c be ((-36)/15)/((-6)/20). Let t be c/(-7)*7/(-2). Let m(a) = -a - 2 + 2 - 3. What is m(t)?
-7
Let o(x) = -4*x**2 + 3*x**2 + 11*x + 13 + 0*x. Suppose 0 = -h - f + 15, 5*h - f - 63 = -2*f. Let v be o(h). Let c(j) = -7*j + 1. Calculate c(v).
-6
Let i(d) = -2*d + 7. Let j(x) = -8*x + 10. Let s be j(-10). Suppose 7*c - s = -3*c. Determine i(c).
-11
Let t(w) = -6*w**3 + w**2 - w. Let f = -5 + 6. Let j = 2 + f. Suppose 4 - j = g. What is t(g)?
-6
Suppose 4*n + 13 + 12 = 3*f, -3*f - 3 = 3*n. Let i(g) = 0 + 7 - f*g - 6. What is i(-6)?
19
Let a = 19 - 2. Let n be 864/63 - (-4)/14. Let v = n - a. Let w(t) = -4*t + 2. Calculate w(v).
14
Let y(n) = -n - 8. Let a(g) = 11. Let d(p) = a(p) + y(p). Calculate d(3).
0
Let v = -1772 - -1766. Let x(k) = -6*k + 3. What is x(v)?
39
Let a(z) be the first derivative of -z**3/2 + z**2 - 27*z - 36. Let d(t) be the first derivative of a(t). Suppose 3*c - 9 = -0. Determine d(c).
-7
Let h(d) = 83*d**3 + 3 - 9*d - 82*d**2 - 84*d**3 + 92*d**2. Calculate h(9).
3
Let s(n) = -7*n + 5. Let c(b) = -b**2 - 9*b - 5. Let t be c(-6). Let j(k) = 15*k - 11. Let u(a) = t*s(a) + 6*j(a). Calculate u(-4).
3
Let y(a) be the third derivative of -5*a**4/12 + a**3 - 88*a**2. Calculate y(4).
-34
Let a(t) = 4*t - 3. Suppose 41*p + 76 = 3*p. Determine a(p).
-11
Let s(n) = -n**3 - n**2 - n + 2. Let f be (2 - 4)/4*-6. Suppose -4*k + 0*y + f*y + 4 = 0, -16 = k - 5*y. Suppose 4*b + b = -k*a + 4, a - 1 = 2*b. Give s(b).
2
Let r = 17 - 9. Let l = -6 + r. Suppose 2*x = -l*z + 3*z + 3, 0 = -2*z - 2*x - 12. Let c(p) = p + 7. Calculate c(z).
2
Let q(z) be the third derivative of 7*z**4/24